*w = 24*w - g + 1019. What is the tens digit of w?
0
Suppose 3*q - 501 = -5*i, 137 = q - 5*i - 10. Suppose 0 = -51*m - 2496 - 2094. Let t = m + q. What is the units digit of t?
2
Let u = -2964 + 29484. What is the ten thousands digit of u?
2
Suppose -4*q + 4 = 4*d, -3*q = 2*q - 4*d + 40. What is the hundreds digit of -20*(-258)/q*(-22)/33?
8
Suppose 148*x - 1860 = 146*x. Suppose 2*y = -3*y + z + x, 0 = -2*y + 2*z + 380. What is the units digit of y?
5
Let s be (-9)/(-12) - (-813)/4. Let x = s - -52. What is the units digit of x?
6
Suppose 29*x = 12*u + 31*x - 45830, -4*u = -2*x - 15290. What is the hundreds digit of u?
8
Let k = 1231 - -690. Suppose -16*h + 33*h - k = 0. What is the units digit of h?
3
Suppose -5*a - 4*y + 1 = -44, 3*a - 5*y - 27 = 0. Suppose 0 = n - 2*t - 1, 0*n + 3*t = -2*n + a. Suppose n*r = 162 + 117. What is the tens digit of r?
9
Suppose 436 + 104 = -20*q. What is the tens digit of 422/4 + q/54?
0
Let w be 2/(72/102) + (-1)/(-6). Let j(v) be the first derivative of 13*v**2 - 12*v + 2. What is the units digit of j(w)?
6
Let n(b) = -403*b + 2522. What is the units digit of n(-11)?
5
Let v = -8679 + 13221. What is the tens digit of v?
4
Let y = -7766 - -12301. What is the units digit of y?
5
Suppose 0 = c - 7*c + 2706. Let b = 828 - c. What is the tens digit of b?
7
What is the units digit of 59/((-1475)/(-75)) + 1 + 2076*4?
8
Suppose -17*p - 36*p = -99011 - 430194. What is the hundreds digit of p?
9
Suppose -6553 = 44*x - 43161 - 48004. What is the units digit of x?
3
Suppose 0 = -31*r + 5315 + 17036. Suppose -2*u - v + 213 = -r, 2*u - 940 = -4*v. What is the units digit of u?
6
Let a = 5 - -13. Suppose -6*v + 84 = a. Suppose -4*r = -v*r + 637. What is the units digit of r?
1
Suppose 62*m + 36499 = 63*m + 4*l, -5*m - 2*l = -182639. What is the tens digit of m?
3
Let v(n) = n**3 - 6*n**2 + 7*n - 8. Let k be v(5). Suppose 10*p - k*p - 1120 = 0. What is the tens digit of p?
4
Let t = 8531 + -5411. What is the units digit of t?
0
Suppose 0 = -6*y + 36749 + 14431. What is the thousands digit of y?
8
Suppose 5*a - 845 = -115. Suppose 0 = -2*h + 4*h + a. Let d = h - -112. What is the tens digit of d?
3
Let c(f) = 115*f - 48. Let r be c(10). Suppose -5048 - r = -10*s. What is the units digit of s?
5
Suppose 0*d + 4*d = 596. Suppose -5*t + s = -t - d, -5*t = 4*s - 160. Let l = 44 - t. What is the units digit of l?
8
Let u(d) = 4*d**2 - 6*d**3 - 10 - 2*d + 3 - 12 + 0*d**3. What is the hundreds digit of u(-5)?
8
Suppose 4*l - 6 - 2 = 0. Suppose -j = l*j - 3. What is the tens digit of j - (-2)/(-1) - -95?
9
Let r = 154671 + -103206. What is the thousands digit of r?
1
Suppose 3*u - 23 = 2*s, -5*u - 2*s + 5*s = -38. Suppose -u*x + 5 = -6*x. What is the units digit of ((-18)/x)/((-2)/5)?
9
Let j be 104 - ((4 - 0) + -4). What is the hundreds digit of j/(-56)*-247 + (-2)/(-7)?
4
Suppose -1 - 11 = 3*w. Let s be ((-6)/w)/((-28)/(-8) - 3). Suppose -3*y + 3*c = -336, y - c = -s*y + 460. What is the units digit of y?
6
Let w = -15645 + 21050. What is the tens digit of w?
0
Let y(m) be the first derivative of 3*m**2 - 7*m - 1. Let z be 685/85 - (-22)/(-374). What is the units digit of y(z)?
1
Let o(u) = u**2 + 12*u - 21. Let d be o(-13). Let q be ((-18)/3)/(((-84)/d)/(-7)). Suppose -b - 209 = -3*b - 5*h, 109 = b + q*h. What is the units digit of b?
7
Let i(c) = 2*c**2 - 2*c - 7. Let g be i(0). Let n = 7 + g. Suppose -4*p - 12 = n, -a - a = -p - 127. What is the units digit of a?
2
Let q(m) = m**3 - 2*m**2 - 6*m - 1. Let y be q(5). Let v be (99/27 + -5)*(-3)/2. Suppose v*j = 5*h + y + 34, 3*h + 74 = 2*j. What is the tens digit of j?
3
Let g = 83 + -78. Suppose g*c - 670 = 860. What is the tens digit of c?
0
Let x(p) = -15*p**2 + 89*p - 2. Let a be x(6). Let z(w) = 3*w + 9. Let r be z(-7). What is the units digit of ((-63)/r)/7 + (-842)/a?
6
Let s(a) = a**3 - 17*a**2 + 2*a + 17. Let y be s(13). Let m be (14/(-8))/(-1 + y/(-636)). Let h = m + -197. What is the units digit of h?
4
Let m(x) = -13*x + 69. Let g be m(5). Suppose 0 = 4*b + g*a - 1052, 49*b = 47*b + 3*a + 546. What is the hundreds digit of b?
2
Suppose 4*p = -3*x + 8336, -3*p + 231*x + 6253 = 233*x. What is the units digit of p?
7
Let d be -1*(-1 + 5 + -3). What is the units digit of 10*(d - -2)/(15/30)?
0
Let b be 1757/5 + (5 - 27/5). Let p = 708 - b. What is the hundreds digit of p?
3
Let v be (-36)/(-42) - 2/(-14). What is the tens digit of 922/(1 + v) - -1?
6
Let a = -11999 - -25795. What is the ten thousands digit of a?
1
Let d(i) = -8*i - 73. Let g be d(-10). What is the hundreds digit of ((-158)/g)/(7/147*-3)?
1
Let o(g) = g**2 - 11*g + 21. Let q be o(9). Suppose -q*a = 9, k + 3*a = -a - 107. What is the tens digit of (-9329)/k - 1/5?
9
Suppose -3*u + 15 = 3*l, 0 = -6*l + 8*l + u - 14. Suppose -265 - 2408 = -l*a. What is the units digit of a?
7
Let r = 34785 - -35727. Suppose 16*u = -36*u + r. What is the tens digit of u?
5
Let x = -142 - -34. Let r = x + 147. What is the tens digit of r?
3
Let l = -534 + 534. Suppose -23*g + 19*g + 4764 = l. What is the units digit of g?
1
Let f = 9 - 4. Let k = 3164 + -3014. Suppose k = f*d + 50. What is the units digit of d?
0
Let h be ((-4)/(-14) - (-936)/252) + -9. What is the units digit of 3/30*h*-134?
7
Suppose -75*y = -6*y - 52992. Suppose 0 = -2*m + 4*m - 24. Suppose 16*q - y = m*q. What is the units digit of q?
2
Let k be (-18)/(-30) - (-3)/(-5). Suppose -3*z - 4*o + 3*o + 17 = k, -5*z + 5*o - 5 = 0. What is the units digit of (41 + -1 + 2)*14/z?
7
Let i = 2137 + 27. Suppose -9*h - i = -6511. What is the tens digit of h?
8
Let d(t) = 2*t**3 - 3*t**3 - 25 - 6*t + 18 + 10 - 8*t**2. Let k be d(-7). What is the units digit of 1*k - (-86 + 4)?
8
Let k(f) = 2*f + f + 20 - 4*f. Suppose -w = 574 - 581. What is the tens digit of k(w)?
1
Let y(h) = 37*h**2 - 223*h - 116. What is the tens digit of y(34)?
7
Let j(h) = -3*h**3 - h**2 + 3. Let l be j(0). Suppose 0 = -l*k + d + 1108, -2*d + 1048 + 806 = 5*k. What is the tens digit of k?
7
Let o(j) = j**3 + 5*j**2 + 3*j - 4. Let b be o(-4). Let l = 23 + -10. Suppose b = -l*c + 12*c + 20. What is the units digit of c?
0
Let t(l) be the third derivative of -l**5/60 + 3*l**4/2 + 17*l**3/6 - 26*l**2. What is the hundreds digit of t(19)?
3
Let a = 4554 + -2294. Suppose a = 2*v - 102. What is the hundreds digit of v?
1
Let t(b) = 30*b + 3*b**2 + 6*b - 13*b + 15. What is the tens digit of t(-9)?
5
What is the tens digit of (-2235)/(-10)*(5 + (5 - 0))?
3
Let g(w) = -w**3 - 8*w**2 + 3*w - 13. Let t be g(-9). Suppose 4*f + 3*j + 146 = 0, 5*f + 138 = -4*j - 45. Let a = t + f. What is the units digit of a?
6
Let d(j) = -9*j - 4. Let y(h) = h - 1. Let i(u) = d(u) - 6*y(u). Suppose -4*l - g = -0*l + 13, -5*g - 5 = 5*l. What is the tens digit of i(l)?
6
What is the hundreds digit of (-133860)/(-36) + ((-40)/30 - -2)?
7
Let b(w) = -67*w**2 + 9*w. Let r be b(-3). Let x = 946 + r. What is the tens digit of x?
1
What is the thousands digit of ((-40463)/(-215))/(58/(-20) + 3)?
1
Suppose 2*t - 36925 = -31*t + 27623. What is the tens digit of t?
5
Suppose 2*l + 350 = 4*s, -67 = 5*s + 4*l - 485. Let u = -81 + s. Suppose 9*c - u*c = 728. What is the hundreds digit of c?
1
Suppose -5*p = -5*b + 1305, 5*b + 12*p = 15*p + 1311. Let k = -249 + b. What is the tens digit of k?
1
Suppose -41*j = -28*j - 54275. What is the hundreds digit of j?
1
Suppose 19*k - 8654665 = -59*k - 71*k. What is the tens digit of k?
8
Let d = -7527 - -11001. Suppose -d = 122*s - 128*s. What is the units digit of s?
9
What is the units digit of ((-24)/(-42) + 18474/(-14))*-3?
7
Let s(n) = n**2 - 42*n + 8. Let t be s(42). Suppose t*k + 0*k = 424. What is the tens digit of k?
5
Let p = -88 - -90. Let j be 20/p - 80/16. Suppose -j = o - 41. What is the units digit of o?
6
Suppose 5*l - 36 = 5*m - 7*m, 5*l = 4*m - 42. Suppose k - 5*o - m = 0, o + 7 = 5*k + 5*o. What is the units digit of k?
3
Let c = 10978 - 6504. Suppose 0 = 5*v + l - 2*l - c, v = -4*l + 878. What is the tens digit of v?
9
Suppose 202*x - 196*x = -4464. Let v = -197 - x. What is the units digit of v?
7
Suppose t = -4*z - 4*t + 1068, 4*t = 4*z - 1032. What is the hundreds digit of z + 1/((-1)/(-12)*-2)?
2
Let a = 64071 - 12040. What is the ten thousands digit of a?
5
Let h(p) = -24*p**2